e factors of w.
7, 17
Suppose 5*o - 11406 = y + 31238, 0 = -o - 3*y + 8516. What are the prime factors of o?
2, 13, 41
List the prime factors of 5530067/679 - (-6)/(-14).
2, 509
Let y be -66*-5*(-3)/6. Let l = y - -78. Let f = 127 + l. What are the prime factors of f?
2, 5
Let h(g) = -g**2 - 18*g - 29. Let u be h(-13). Suppose 3*z = u - 18. Suppose -z*i - 321 = -915. List the prime factors of i.
3, 11
Let x = 7981 + 6352. List the prime factors of x.
11, 1303
Let f(i) = 72*i**3 + i**2 + 5*i - 6. Let m be f(2). Let y = m + -319. What are the prime factors of y?
5, 53
Let b be (-1)/((-28)/10576) - (-2)/7. Let s be (b/(-8))/(15/(-40)). Let l = s + 62. List the prime factors of l.
2, 47
Let t(z) = 29*z - 4. Let h be (4 + -2)*(0 - -2). Let a be t(h). What are the prime factors of a + 5 - (-2)/(-1)?
5, 23
Let j be 1/3 + 1540/132. Suppose -1344 + 3672 = j*n. What are the prime factors of n?
2, 97
List the prime factors of 18141 + -1 - ((-62)/(-18) - 3)*-9.
2, 3, 7
Let w(s) = s - 2. Let j be w(6). Suppose -k = k + 5*i - 196, -j*k = 3*i - 364. Suppose k = 9*l - 1010. List the prime factors of l.
2, 61
Let z(i) be the third derivative of i**5/6 + 3*i**4/4 + 2*i**3/3 + i**2 - 11*i. What are the prime factors of z(6)?
2, 59
Suppose -13*h + 15*h - 14 = 0. List the prime factors of (2 - h)*-20*4.
2, 5
Let d be (-16)/(-56) - 60/(-35). Suppose 2*b + 9 = 2*s - b, -d*s + 5*b + 3 = 0. List the prime factors of s.
3
Suppose 8*o + 24 = 5*o. Let j(t) = -2*t**3 - 10*t**2 - 59*t + 15. List the prime factors of j(o).
13, 67
Let r(n) = -3*n**3 + 29*n**2 + 7*n + 47. What are the prime factors of r(8)?
3, 47
Suppose 37*s = 39*s - 648. Let f = s + 38. Let v = f + -149. What are the prime factors of v?
3, 71
Let s = 110 - 100. Let z(c) = -c**3 + 9*c**2 + 9*c + 14. Let l be z(s). What are the prime factors of (l - 2/1)*1384/16?
173
Let x be 2*1 + (2259 + 6)/5. Suppose 4*q = -3*o - q + 307, -3*q - x = -5*o. What are the prime factors of (o - 0) + -3*(-5)/15?
5, 19
Let l(k) be the third derivative of 13*k**5/30 + 5*k**4/24 + k**3/2 - 67*k**2. What are the prime factors of l(-3)?
2, 3, 37
List the prime factors of (-405)/(-30)*2270/4 - 2/8.
47, 163
Suppose 4*a + 5*n - 29 = -3, 3*n = 6. Suppose a*c = 3*c + 12. Suppose 0 = 3*w - c - 15. List the prime factors of w.
3
Suppose -5*z - 3*q = -180878, -5*z + 15*q - 27*q + 180842 = 0. List the prime factors of z.
2, 18089
Suppose 0 = -15*s + 140849 + 202702 - 85326. List the prime factors of s.
5, 11, 313
Suppose -14*h = -22*h + 896. Let y = -113 + h. List the prime factors of y*1*(-900)/3.
2, 3, 5
Suppose -5*l - 18 + 68 = 0. Let u(f) = -f**2 + 34*f + 5. List the prime factors of u(l).
5, 7
Suppose 184578 = 7*n + 7*o - 10*o, 4*n + 3*o = 105492. What are the prime factors of n?
2, 3, 5, 293
Let u = -555 + 1057. Let q = u + 427. List the prime factors of q.
929
Let y = 7247 + -1725. What are the prime factors of y?
2, 11, 251
Suppose 29*l = -25818 + 647520. What are the prime factors of l?
2, 3, 397
Suppose -13*y + 506421 = 48*y - 249430. List the prime factors of y.
12391
Let g(b) = -b + 2. Let s be g(8). Let p be (s/(-4))/((-6)/(-12)). Suppose 3*j - 3*c = -0*c + 213, -5*j + 347 = -p*c. What are the prime factors of j?
67
Let q be (-58)/(-16) + (216/64)/9. Suppose -5*d = -q*y + 1909 + 338, -2*y - 5*d + 1101 = 0. What are the prime factors of y?
2, 3, 31
Suppose -g + 45 = 5*x, -g - 2*x - 4 = -37. Suppose 30*h = g*h - 20. List the prime factors of h/(-16)*(164 + 0).
41
Suppose -22*l + 18*l - 48 = 0. Let t(y) = -37*y - 145. What are the prime factors of t(l)?
13, 23
Let m(c) be the second derivative of 7*c**3/6 - 11*c**2 - c. Let z(o) = -o**2 - 37*o + 604. Let l be z(12). What are the prime factors of m(l)?
2, 3, 5
Let t be (-3*8/(-6) + -6)/2. Let u be 1 - 3 - (t + -153 + -3). Let d = u + -28. What are the prime factors of d?
127
Let p(o) = -2*o - 2. Let z be p(-6). Let k be -30*(-3)/18 - -25. List the prime factors of 118/2 - z/(k/9).
2, 7
Let r(n) be the third derivative of 5*n**4/6 - 5*n**3 - 28*n**2 - 2*n. List the prime factors of r(13).
2, 5, 23
Let u(l) = -l**3 - 12*l**2 - 14*l - 29. Let p be u(-11). Suppose 0 = -p*i + 5*w - 370 + 1460, -3*i = 5*w - 835. List the prime factors of i.
5, 11
Let s(w) = -11*w**3 - 21*w**2 + 60*w - 31. List the prime factors of s(-11).
3, 3803
Let r = -5804 + 7797. What are the prime factors of r?
1993
Suppose 0 = -2*x - u - 33, -3*u = -3*x - 8*u - 67. Let y(n) = -3*n + 11. Let f be y(x). Let i = 84 - f. What are the prime factors of i?
31
Let j(h) be the first derivative of h**3 + 29*h**2/2 + 2*h - 100. What are the prime factors of j(-17)?
2, 47
Suppose 2*y = -0*t - 2*t + 2060, -5*y = -2*t + 2088. Suppose -4*r - 632 = -3*a, -2*r - r + t = 5*a. Let i = a + -121. List the prime factors of i.
3, 29
Suppose -66*r = -71*r + 1020. Suppose -r*f = -199*f - 2940. List the prime factors of f.
2, 3, 7
Suppose 0 = -3*a - 3, 2*d + 3*d - a - 6 = 0. Suppose 0 = -m - d + 10. Let y(r) = -r**3 + 9*r**2 + 4*r - 8. What are the prime factors of y(m)?
2, 7
Let o(i) = -14*i + 27. Let l be o(-19). Let j = l + 148. List the prime factors of j.
3, 7
Let o(r) be the second derivative of 3*r + 0 + 0*r**2 + 1/20*r**5 + 2*r**3 + 11/12*r**4. What are the prime factors of o(-9)?
2, 3
Suppose -47*b - 12 = -247. Suppose -7*k + 3*g + 2831 = -3*k, -3531 = -b*k - 4*g. List the prime factors of k.
7, 101
Suppose 3*c + 12*c - 156835 = 8*c. List the prime factors of c.
5, 4481
Let a = 7896 - 2191. List the prime factors of a.
5, 7, 163
Suppose 4*d = 2*m - 59854, -8*m + d + 149599 = -3*m. What are the prime factors of m?
3, 9973
List the prime factors of ((-3885)/222)/(4/(-4312)).
5, 7, 11
Let l = -9003 - -9704. What are the prime factors of l?
701
Let u(x) = -25*x**2 + 3. Let w be u(-2). Let g = w + 42. Let j = -48 - g. List the prime factors of j.
7
Let h = 11931 - 4819. List the prime factors of h.
2, 7, 127
Suppose -3*s = 14*s + 6*s - 119508. List the prime factors of s.
2, 3, 433
Suppose -151 = -5*i - 126. Suppose -5*f + 4*z = -1115, -i*f + 2*z + 21 + 1094 = 0. What are the prime factors of f?
223
Let s = -7863 + 12986. What are the prime factors of s?
47, 109
Let w = -253 + 258. List the prime factors of 405 - (1 + (w - 1)).
2, 5
Let h(n) = n**2 + 4*n + 3. Let l be h(-2). Let f(o) be the third derivative of -11*o**6/30 - o**5/60 - o**4/12 + 98*o**2 - 3. List the prime factors of f(l).
3, 5
Let w(c) = -15*c**2 - 41*c. Let n(b) = -2*b - 1. Let z(q) = 6*n(q) - w(q). What are the prime factors of z(-5)?
2, 7
Suppose 29 = -4*p + 3*o, -p + 6*p + 42 = -2*o. Let w be 280/36 - p/36. Suppose -w*z = -7*z - 44. What are the prime factors of z?
2, 11
List the prime factors of (21908/(-2))/(19/171*-6).
3, 5477
Let g be (-13 - -16)*2/2*3. Let y(c) = g - 7 - 5*c - 3 - 9 + c**2. List the prime factors of y(-12).
2, 97
Let m = 57 + -57. Suppose 32*j - 38*j + 12 = m. Suppose -25 = 5*p, -p = -j*t + 136 + 97. List the prime factors of t.
2, 3, 19
Suppose -l + 0 = 5*i - 9, -3*i + l - 1 = 0. Let z(b) = b**2 - 28*b + 112. Let x be z(23). List the prime factors of (110 - 3) + i + x.
3, 5, 7
Let l(m) = -m**2 + 4*m + 4. Suppose 0 = 3*j + j - 16. Let t be l(j). What are the prime factors of (66/t)/((-45)/(-150))?
5, 11
Let f(j) = -10*j + 5. Let g = 39 + -39. Suppose y + 5 = -g*y. What are the prime factors of f(y)?
5, 11
Let k(u) = 4*u**3 - 3*u**2 + 2*u. Let h be k(2). What are the prime factors of ((-243)/12)/(h/(-1024))?
2, 3
Let j(r) = -80*r**3 + 53*r**2 + 305*r + 25. List the prime factors of j(-7).
3, 29, 107
Let d = 3283 - -2287. What are the prime factors of d?
2, 5, 557
Suppose -5*q + 3532 = -4*u, 0*u + 15 = -5*u. Let k = -370 + q. What are the prime factors of k?
2, 167
What are the prime factors of (((-7)/(-2))/7 + 10547)*152/95?
2, 4219
Let l = -66350 + 93272. List the prime factors of l.
2, 3, 7, 641
Suppose 57 - 69 = -2*s. Suppose 514 = w - 5*r, -r - 2618 = w - s*w. Suppose -9*y + 13*y = w. What are the prime factors of y?
131
Let y(w) be the first derivative of 15*w**2/2 + 17*w + 7. Let k be y(9). Suppose -k = b - 5*b. What are the prime factors of b?
2, 19
Suppose 3051133 = 185*i - 4366257. What are the prime factors of i?
2, 20047
Suppose -92 + 23 = -a. Let s = -69 + a. Suppose -2*i - 3 - 5 = s, 2*y - 3*i = 208. List the prime factors of y.
